what is 600 - -422542?
423442
In base 7, what is 2 - 16253661?
-16253656
In base 14, what is 32a94a - 2?
32a948
In base 5, what is -21140301 - -1400?
-21133401
In base 10, what is -11780631 - -3?
-11780628
In base 7, what is 613 + 133133?
134046
In base 10, what is 5 - -8564196?
8564201
In base 9, what is 110425372 + -1?
110425371
In base 14, what is 0 + 4181847?
4181847
In base 4, what is -21031330012 - 12?
-21031330030
In base 8, what is -60 + -40741?
-41021
In base 11, what is -9 + 54430a?
544301
In base 8, what is 142122 + 5321?
147443
In base 5, what is -1032 + -24211303?
-24212340
In base 10, what is 118190 - -378?
118568
In base 13, what is 1 + -22175452?
-22175451
In base 4, what is 12113 + -10331011100?
-10330332321
In base 7, what is -3 + -2214362166?
-2214362202
In base 16, what is -94dfa6 - 17?
-94dfbd
In base 7, what is 12122325 - -11?
12122336
In base 4, what is -3 - 22021231001?
-22021231010
In base 5, what is 2032214 - -143?
2032412
In base 14, what is -461 - ab?
-52c
In base 9, what is -6 - 433088058?
-433088065
In base 13, what is -5 + -628c6c?
-628c74
In base 9, what is 4406080 + -3?
4406076
In base 4, what is 233213200312 + 1?
233213200313
In base 11, what is 18 + -26885a?
-268842
In base 2, what is -100 - 100111110001011100010111?
-100111110001011100011011
In base 11, what is 28 - 30622a?
-306202
In base 4, what is 1133330 - 1313013?
-113023
In base 10, what is -2383370 - 10?
-2383380
In base 15, what is -2a7 + -cd998?
-cdc50
In base 11, what is 118 - -2937?
2a54
In base 9, what is -28657 + 4057?
-24600
In base 15, what is 2e - -31e83?
31eb2
In base 3, what is 101011111000 + -2012?
101011101211
In base 5, what is -1340332124 - -2?
-1340332122
In base 6, what is 22 + 3210040434?
3210040500
In base 9, what is 3 - 4381535?
-4381532
In base 8, what is 3 - 627532?
-627527
In base 9, what is 2764316788 + 4?
2764316803
In base 11, what is -7a + -25a7a8?
-25a877
In base 16, what is -83 + -88af?
-8932
In base 16, what is -196 - -15a937?
15a7a1
In base 3, what is 10102101200 + -11202?
10102012221
In base 16, what is -23bc0b1 - 5?
-23bc0b6
In base 12, what is -8 - -167587?
16757b
In base 4, what is -20022312112 + -1?
-20022312113
In base 2, what is 10001 - -110010001100010010000?
110010001100010100001
In base 12, what is b7 - 1a8813?
-1a8718
In base 3, what is -1222102012212 - 1011?
-1222102021000
In base 3, what is -12022020022 + 1110?
-12022011212
In base 4, what is -13121012000 - 11020?
-13121023020
In base 2, what is -1110001010000101 - -1000100001010?
-1101000101111011
In base 10, what is -87954310 + 3?
-87954307
In base 3, what is -21101021012 - 101?
-21101021120
In base 8, what is 175 - 1752011?
-1751614
In base 15, what is -1977abd - -3?
-1977aba
In base 6, what is -22344554 - 11?
-22345005
In base 4, what is -120 + 23033122021?
23033121301
In base 3, what is -12202 + -2101111211022?
-2101112001001
In base 16, what is 7 - -13771a?
137721
In base 3, what is -222000202210 - -200020?
-222000002120
In base 6, what is 0 + -1350131222?
-1350131222
In base 11, what is -408323a1a + -1?
-408323a20
In base 8, what is -4070506 + -256?
-4070764
In base 5, what is -33210433411 - 0?
-33210433411
In base 9, what is 831318 - -10?
831328
In base 16, what is 43b4b + 8?
43b53
In base 3, what is -12 - -20210121221110100?
20210121221110011
In base 9, what is -107506670 + 18?
-107506651
In base 4, what is -3110333302 + -133?
-3111000101
In base 2, what is -10100010 - -11011010100000010011?
11011010011101110001
In base 14, what is -70ba99 + -1?
-70ba9a
In base 14, what is 4 + 31c78?
31c7c
In base 14, what is 4099 - 1d203?
-19148
In base 15, what is 41d + -1644d?
-16030
In base 8, what is -400 + 1227440?
1227040
In base 16, what is -21491d + e?
-21490f
In base 9, what is -2 - 5322883?
-5322885
In base 15, what is 61823 + 3d?
61861
In base 2, what is 10 + -10100101100111100000?
-10100101100111011110
In base 2, what is 1100110111000001 - -110101111?
1100111101110000
In base 3, what is 2 + 101212201120020001?
101212201120020010
In base 10, what is 2022959 - -14?
2022973
In base 7, what is -111 + 536506?
536365
In base 11, what is -2903 + -17898?
-1a6a0
In base 12, what is -67 - 18b3b7?
-18b462
In base 2, what is 11110000010001101101110 + 1?
11110000010001101101111
In base 10, what is -8 + 12328247?
12328239
In base 7, what is -121242 + 3602?
-114340
In base 12, what is -1503 + -281?
-1784
In base 16, what is 255cf1 + 6a?
255d5b
In base 12, what is -24 - 7257b0?
-725814
In base 15, what is 544 + -2521a?
-24bc6
In base 14, what is 200d16 + 6?
200d1c
In base 7, what is -2315634603 - 4?
-2315634610
In base 12, what is b9a0 + 1998?
11778
In base 6, what is -2125 - -251142?
245013
In base 14, what is -6 - -810da?
810d4
In base 11, what is -5 - 25669a3?
-25669a8
In base 4, what is -132312 + 1203?
-131103
In base 4, what is 101120 - 22023102?
-21321322
In base 9, what is -10246 + 285?
-8851
In base 4, what is -21 + 3232312230031?
3232312230010
In base 14, what is adba5 - 992?
ad213
In base 4, what is -12230122 - -2102111?
-10122011
In base 5, what is -140 + -40210?
-40400
In base 10, what is 22150226 - 5?
22150221
In base 4, what is -1221321023030 - 23?
-1221321023113
In base 16, what is d0 - 12026?
-11f56
In base 13, what is 1 - 6404962?
-6404961
In base 5, what is 302412 + 2111?
310023
In base 13, what is 11a88 - 1a0?
118b8
In base 12, what is b + 4982582?
4982591
In base 2, what is -11001111111010 + -1001111111100?
-100011111110110
In base 12, what is -223a39 - 3?
-223a40
In base 2, what is -11010010 - -100111110100001111?
100111110000111101
In base 7, what is 113151541 - 0?
113151541
In base 13, what is -38b3a + 38?
-38b02
In base 10, what is -1191 - -53384?
52193
In base 2, what is -1000100001001101001101000 - 0?
-1000100001001101001101000
In base 9, what is -1 - 66105723?
-66105724
In base 7, what is 4 - 40106653?
-40106646
In base 10, what is 16 + 1649788?
1649804
In base 9, what is -285 - 1808856?
-1810252
In base 14, what is 3 - 27dab43?
-27dab40
In base 5, what is 1031232420 - -3?
1031232423
In base 11, what is 4196354 - -5?
4196359
In base 10, what is 53 + 146740?
146793
In base 5, what is -40443220204 - 1?
-40443220210
In base 6, what is -4233101 + 15?
-4233042
In base 11, what is -2 - -336a85?
336a83
In base 6, what is -402 - -3503002?
3502200
In base 6, what is -4024354 - -215?
-4024135
In base 12, what is -7582 - 50a?
-7a90
In base 12, what is -2736b + 234?
-27137
In base 13, what is -3 - 932170?
-932173
In base 11, what is 18443 + 797?
1912a
In base 7, what is 2362102556 + -5?
2362102551
In base 12, what is 6 - -839616?
839620
In base 10, what is 1382 - 579557?
-578175
In base 7, what is 636142 + 3?
636145
In base 4, what is 10221 - 203213033?
-203202212
In base 16, what is 1b496 - 4e?
1b448
In base 2, what is -11110101101110000000001 + 0?
-11110101101110000000001
In base 6, what is 13 + 1002425?
1002442
In base 10, what is 1481 - 9565?
-8084
In base 13, what is -984b2 - -cc3?
-974bc
In base 10, what is -5 + 76886902?
76886897
In base 12, what is 1 + -b4ab7?
-b4ab6
In base 15, what is 0 + -19583b?
-19583b
In base 16, what is -2323b12 - 8?
-2323b1a
In base 5, what is -2 - 12240030?
-12240032
In base 10, what is 18 + 325305?
325323
In base 4, what is 1111333232 + -220?
1111333012
In base 16, what is ff6 - -bc45?
cc3b
In base 14, what is -3 + -3a17b74?
-3a17b77
In base 11, what is -779a6 - -912?
-77094
In base 11, what is 10 + -1254717?
-1254707
In base 13, what is 876302b0 - 1?
876302ac
In base 6, what is 143 - 10020512?
-10020325
In base 6, what is -53504340 + -104?
-53504444
In base 10, what is -1270 - 10569?
-11839
In base 13, what is -41479 - -6bb?
-40a8b
In base 8, what is -101541344 - 4?
-101541350
In base 10, what is -30187 + -3412?
-33599
In base 2, what is -10000001101110000011101 + -11?
-10000001101110000100000
In base 14, what is -1b62 + 591?
-15b1
In base 16, what is 2 + 350340?
350342
In base 9, what is -80 - -5022002?
5021812
In base 6, what is -241 + -243042?
-243323
In base 10, what is 95 - -8274?
8369
In base 15, what is -4 - -1030709?
1030705
In base 10, what is 68266129 - -1?
68266130
In base 10, what is 84380 + -4612?
79768
In base 10, what is -21005 - -705?
-20300
In base 9, what is -2 + 21430253?
21430251
In base 3, wha